b9
3523 (base 7) to base 12
8b7
Convert -3344 (base 9) to base 3.
-10101111
dac (base 14) to base 16
a8c
-a89 (base 13) to base 7
-5154
Convert 26 (base 9) to base 3.
220
Convert -1211021 (base 3) to base 5.
-20310
Convert 6 (base 16) to base 6.
10
-144c (base 14) to base 3
-11221012
13023 (base 4) to base 12
323
-1214 (base 10) to base 16
-4be
What is 25211 (base 6) in base 15?
11a1
-1213 (base 12) to base 5
-31111
What is 60 (base 10) in base 9?
66
-9668 (base 11) to base 14
-492b
Convert 12203 (base 5) to base 13.
565
Convert 1414 (base 10) to base 4.
112012
-1735 (base 8) to base 12
-6a5
-8bc (base 14) to base 9
-2336
Convert -6d01 (base 14) to base 5.
-1102023
What is 1160 (base 8) in base 6?
2520
What is 230100 (base 7) in base 12?
1b796
What is 110022211 (base 3) in base 6?
105334
What is 5a1 (base 11) in base 16?
2cc
Convert 13300 (base 4) to base 16.
1f0
Convert 10010001010010 (base 2) to base 15.
2b4d
What is -5308 (base 10) in base 7?
-21322
What is 3788 (base 13) in base 5?
223021
-4442 (base 5) to base 16
-26e
-a37 (base 15) to base 2
-100011111110
Convert -110110110110110 (base 2) to base 14.
-a342
-200211 (base 3) to base 10
-508
What is -1380a (base 12) in base 11?
-19390
Convert 286 (base 13) to base 14.
240
Convert 1088 (base 11) to base 9.
1855
What is -3026 (base 11) in base 3?
-12111221
-1031211 (base 4) to base 16
-1365
What is -527 (base 9) in base 10?
-430
Convert -13402 (base 6) to base 7.
-6044
3915 (base 10) to base 14
15d9
Convert -194 (base 13) to base 10.
-290
-348 (base 14) to base 13
-3b2
Convert -1000021 (base 3) to base 4.
-23200
Convert -1dc (base 15) to base 4.
-12300
What is -1200002112 (base 3) in base 7?
-164561
Convert -1001111100101100 (base 2) to base 7.
-226541
Convert -47686 (base 10) to base 5.
-3011221
-437 (base 14) to base 15
-3a8
Convert 100200 (base 3) to base 7.
522
-1976 (base 13) to base 4
-323213
What is -2994 (base 11) in base 6?
-25502
27959 (base 12) to base 4
31122111
28 (base 12) to base 8
40
Convert -15a8 (base 12) to base 14.
-d20
-268a (base 14) to base 15
-2026
What is 8c41 (base 16) in base 13?
1345c
What is -4405 (base 8) in base 2?
-100100000101
Convert -111040 (base 5) to base 15.
-124a
Convert -223322 (base 4) to base 15.
-c75
Convert -238 (base 10) to base 3.
-22211
What is 2168 (base 13) in base 11?
3547
Convert 3a0a (base 16) to base 5.
433413
Convert -2b330 (base 13) to base 2.
-10011111110101011
What is 1030 (base 7) in base 13?
220
Convert -3243 (base 16) to base 11.
-9738
-1133201 (base 5) to base 8
-51073
What is a0dc (base 16) in base 10?
41180
What is 21250 (base 6) in base 10?
2910
What is 2562 (base 9) in base 7?
5411
What is 9c (base 16) in base 3?
12210
Convert -d9ad (base 15) to base 5.
-2433223
What is -445 (base 14) in base 5?
-11340
What is 648 (base 15) in base 2?
10110001010
What is 12301001 (base 4) in base 13?
c7ca
-10fb7 (base 16) to base 14
-1b4c7
100542 (base 6) to base 4
1330232
-12 (base 4) to base 13
-6
-126 (base 10) to base 14
-90
-3029 (base 10) to base 9
-4135
What is bba4 (base 13) in base 9?
38786
What is -650 (base 10) in base 15?
-2d5
What is -48 (base 14) in base 7?
-121
-4709 (base 10) to base 11
-35a1
-14425 (base 6) to base 10
-2321
15377 (base 8) to base 4
1223333
108 (base 15) to base 6
1025
What is -629 (base 11) in base 7?
-2131
Convert 35527 (base 9) to base 14.
8930
Convert -11424 (base 6) to base 13.
-9b8
Convert 13022 (base 5) to base 6.
4404
What is 2656 (base 8) in base 3?
1222212
What is 4502 (base 8) in base 6?
14550
-1416 (base 9) to base 13
-642
Convert dd (base 15) to base 6.
544
What is 22 (base 3) in base 5?
13
-8f3 (base 16) to base 6
-14335
What is -115103 (base 6) in base 16?
-27cf
Convert 1549 (base 12) to base 16.
9c9
Convert -58c (base 13) to base 15.
-441
What is 50267 (base 8) in base 7?
114146
What is 1362 (base 9) in base 7?
2666
966 (base 14) to base 16
73e
What is 3203 (base 6) in base 13?
438
-431 (base 7) to base 16
-da
Convert 30b0 (base 12) to base 14.
1d1a
13152 (base 6) to base 16
7dc
111333 (base 4) to base 12
993
-2463 (base 7) to base 11
-773
-20430 (base 5) to base 10
-1365
What is -66a (base 13) in base 11?
-912
23100 (base 13) to base 14
193d0
Convert -122231 (base 4) to base 12.
-ba5
What is 17576 (base 12) in base 4?
20031222
Convert 1111 (base 6) to base 7.
520
What is 1b5a (base 12) in base 4?
310312
What is -128 (base 11) in base 15?
-a1
Convert -3113 (base 11) to base 2.
-1000000100000
What is 945c (base 14) in base 5?
1304222
What is 273c (base 13) in base 12?
3310
Convert 1c2 (base 14) to base 5.
2431
What is -3 (base 10) in base 3?
-10
110001011010 (base 2) to base 16
c5a
What is 14516 (base 7) in base 13?
1ab1
-11792 (base 10) to base 3
-121011202
What is -2044 (base 14) in base 3?
-21121111
What is -1410 (base 6) in base 3?
-111120
-31202 (base 4) to base 12
-602
-5a14 (base 15) to base 10
-19144
Convert 25107 (base 11) to base 16.
8ce1
-453 (base 12) to base 10
-639
What is -6002 (base 7) in base 9?
-2738
-100001100010 (base 2) to base 5
-32041
Convert 698 (base 10) to base 15.
318
Convert cad (base 16) to base 6.
23005
Convert 5bbb (base 13) to base 6.
140102
Convert 111324 (base 6) to base 11.
7087
What is -57 (base 9) in base 6?
-124
What is -83c (base 14) in base 8?
-3126
What is -608 (base 11) in base 4?
-23132
What is 9760 (base 14) in base 15?
7b37
-290a (base 11) to base 6
-25225
Convert -170 (base 13) to base 10.
-260
-38 (base 9) to base 13
-29
10060 (base 7) to base 16
98b
What is -13707 (base 8) in base 3?
-22100110
What is 46181 (base 10) in base 5?
2434211
What is -1401 (base 6) in base 16?
-169
Convert -2401142 (base 5) to base 8.
-125622
What is -303223 (base 4) in base 2?
-110011101011
Convert -3230 (base 7) to base 2.
-10001111100
1030 (base 4) to base 12
64
What is -79a7 (base 12) in base 4?
-3103033
22111022 (base 3) to base 11
4719
13b0 (base 16) to base 8
11660
Convert 372b7 (base 12) to base 2.
10010001111101011
2159 (base 10) to base 14
b03
Convert -133 (base 7) to base 14.
-53
Convert b16 (base 15) to base 8.
4700
What is -1202 (base 7) in base 6?
-2015
What is 1a4 (base 12) in base 5?
2033
-14454 (base 7) to base 3
-12111110
Convert 15102 (base 9) to base 16.
2831
What is c94 (base 15) in base 10?
2839
What is 10000120212 (base 3) in base 7?
335255
-547 (base 15) to base 2
-10010101000
Convert -150151 (base 7) to base 5.
-1411042
-110221 (base 3) to base 16
-15d
What is 50420 (base 6) in base 5?
203021
112d (base 16) to base 7
15551
Convert 532 (base 6) to base 3.
21102
Convert 3064 (base 11) to base 2.
111111011111
What is 155 (base 8) in base 7?
214
-1a42 (base 13) to base 15
-127b
What is -37335 (base 10) in base 16?
-91d7
Convert -1256 (base 7) to base 4.
-13202
43410 (base 6) to base 10
5982
What is 20011220 (base 3) in base 7?
16065
Convert -4123 (base 8) to base 11.
-1668
What is -1646 (base 11) in base 9?
-2801
What is 23d4 (base 15) in base 13?
3616
What is b12 (base 14) in base 7?
6222
Convert -161a3 (base 11) to base 4.
-11211031
14b80 (base 14) to base 4
30213030
What is -303432 (base 5) in base 14?
-384b
Convert 36ba (base 12) to base 3.
22111021
-465b (base 12) to base 6
-100155
-1020120 (base 3) to base 16
-38a
-20111012 (base 4) to base 10
-34118
Convert c21 (base 15) to base 5.
41411
-230211 (base 4) to base 7
-11214
Convert -d2b0 (base 14) to base 4.
-20311322
What is 672 (base 11) in base 7?
2230
Convert -20300 (base 4) to base 3.
-202202
Convert 11212 (base 3) to base 15.
8b
Convert 2be (base 15) to base 14.
32d
Convert 2bb (base 14) to base 11.
467
-b90 (base 14) to base 10
-2282
What is 10101 (base 7) in base 6?
15203
What is -16316 (base 8) in base 12?
-4326
2703b (base 12) to base 5
3203430
What is 2c6d (base 15) in base 5?
301203
What is 2134 (base 6) in base 13?
2b9
What is 4a8a (base 14) in base 5?
404213
What is c85 (base 15) in base 12?
1775
Convert -2021 (base 6) to base 13.
-283
What is -2005 (base 8) in base 6?
-4433
What is -102222210 (base 3) in base 7?
-34326
27853 (base 9) to base 6
223333
665 (base 10) to base 11
555
-151 (base 15) to base 6
-1221
545 (base 6) to base 2
11010001
What is -11210101 (base 3) in base 13?
-1789
473 (base 11) to base 15
279
953 (base 11) to base 3
1120111
Convert 10101201 (base 3) to base 11